{"id":31,"date":"2023-01-09T20:56:09","date_gmt":"2023-01-09T19:56:09","guid":{"rendered":"https:\/\/gockenholz.de\/home\/?page_id=31"},"modified":"2023-03-10T10:13:25","modified_gmt":"2023-03-10T09:13:25","slug":"gockenholz","status":"publish","type":"page","link":"https:\/\/gockenholz.de\/home\/gockenholz\/","title":{"rendered":"Heute"},"content":{"rendered":"<div class='flex_column av-z2wr-0f30b44a8c9851ebf3e7191915551ab7 av_one_full  avia-builder-el-0  el_before_av_one_half  avia-builder-el-first  first flex_column_div '     ><p>\n<style type=\"text\/css\" data-created_by=\"avia_inline_auto\" id=\"style-css-av-lcp89ydi-0996af78ffcc494db363fb57c32bb977\">\n#top .av-special-heading.av-lcp89ydi-0996af78ffcc494db363fb57c32bb977{\npadding-bottom:10px;\n}\nbody .av-special-heading.av-lcp89ydi-0996af78ffcc494db363fb57c32bb977 .av-special-heading-tag .heading-char{\nfont-size:25px;\n}\n.av-special-heading.av-lcp89ydi-0996af78ffcc494db363fb57c32bb977 .av-subheading{\nfont-size:15px;\n}\n<\/style>\n<div  class='av-special-heading av-lcp89ydi-0996af78ffcc494db363fb57c32bb977 av-special-heading-h3  avia-builder-el-1  el_before_av_textblock  avia-builder-el-first '><h3 class='av-special-heading-tag'  itemprop=\"headline\"  >Auf viele Dinge sind wir stolz, am meisten doch auf Gockenholz!<\/h3><div class=\"special-heading-border\"><div class=\"special-heading-inner-border\"><\/div><\/div><\/div><br \/>\n<section  class='av_textblock_section av-lcp854vs-4688d935d35a197ce179c7badb092314'  itemscope=\"itemscope\" itemtype=\"https:\/\/schema.org\/CreativeWork\" ><div class='avia_textblock'  itemprop=\"text\" ><div class=\"elementor-column elementor-col-50 elementor-top-column elementor-element elementor-element-4dd2ea18\" data-id=\"4dd2ea18\" data-element_type=\"column\" data-settings=\"{\">\n<div class=\"elementor-widget-wrap elementor-element-populated\">\n<div class=\"elementor-element elementor-element-bdea7b7 elementor-widget-tablet__width-inherit elementor-widget elementor-widget-text-editor\" data-id=\"bdea7b7\" data-element_type=\"widget\" data-widget_type=\"text-editor.default\">\n<div class=\"elementor-widget-container\">\n<p><span style=\"font-size: 16px;\">Gockenholz ist ein Dorf in der Gemeinde Lachendorf, Landkreis Celle in Niedersachsen. Es liegt etwa 10 km \u00f6stlich der Stadt Celle und hat 449 Einwohnern.<\/span><\/p>\n<p>H\u00f6chste Erhebung ist mit 63 m \u00fc. NN der Wehenberg n\u00f6rdlich des Ortskerns.<\/p>\n<p>Das heutige Dorf ist aus den beiden Ortsteilen Overlingen (Hof Nr. 1\u20133) und Gockenholz (Nr. 4\u20137) entstanden. Die \u00e4lteste urkundliche Erw\u00e4hnung von Gockenholz stammt aus dem Jahre 1235<\/p>\n<\/div>\n<\/div>\n<\/div>\n<\/div>\n<div class=\"elementor-column elementor-col-50 elementor-top-column elementor-element elementor-element-6e44e11\" data-id=\"6e44e11\" data-element_type=\"column\">\n<div class=\"elementor-widget-wrap elementor-element-populated\">\n<div class=\"elementor-element elementor-element-2e3af23 elementor-widget-mobile__width-inherit elementor-widget elementor-widget-text-editor\" data-id=\"2e3af23\" data-element_type=\"widget\" data-widget_type=\"text-editor.default\">\n<div class=\"elementor-widget-container\">\n<p>Der Name Gockenholz stammt aus dem Germanischen und bedeutet so viel wie \u201eKuckuckswald\u201c.<\/p>\n<p>Am 1. Januar 1973 wurde Gockenholz in die Gemeinde Lachendorf eingegliedert. Im Jahr 2010 feierte Gockenholz mit vier Dorfveranstaltungen sein 775-j\u00e4hriges Bestehen.<\/p>\n<\/div>\n<\/div>\n<\/div>\n<\/div>\n<\/div><\/section><\/p><\/div><div class='flex_column av-5jvb-3c62f2ab28433394696936f3652b0227 av_one_half  avia-builder-el-3  el_after_av_one_full  el_before_av_one_half  first flex_column_div column-top-margin'     ><style type=\"text\/css\" data-created_by=\"avia_inline_auto\" id=\"style-css-av-le1k7ek3-7b956b618a1dc921b37a59a66ee84322\">\n.avia-image-container.av-le1k7ek3-7b956b618a1dc921b37a59a66ee84322 img.avia_image{\nbox-shadow:none;\n}\n.avia-image-container.av-le1k7ek3-7b956b618a1dc921b37a59a66ee84322 .av-caption-image-overlay-bg{\nopacity:0.4;\nbackground-color:#000000;\n}\n.avia-image-container.av-le1k7ek3-7b956b618a1dc921b37a59a66ee84322 .av-image-caption-overlay-center{\ncolor:#ffffff;\n}\n<\/style>\n<div  class='avia-image-container av-le1k7ek3-7b956b618a1dc921b37a59a66ee84322 av-styling- avia-align-center  avia-builder-el-4  avia-builder-el-no-sibling  noHover av-overlay-hover-deactivate'   itemprop=\"image\" itemscope=\"itemscope\" itemtype=\"https:\/\/schema.org\/ImageObject\" ><div class=\"avia-image-container-inner\"><div class=\"avia-image-overlay-wrap\"><a href=\"https:\/\/gockenholz.de\/home\/wp-content\/uploads\/2022\/04\/Oberdorf-scaled-1-1030x593.jpg\" data-srcset=\"https:\/\/gockenholz.de\/home\/wp-content\/uploads\/2022\/04\/Oberdorf-scaled-1-1030x593.jpg 1030w, https:\/\/gockenholz.de\/home\/wp-content\/uploads\/2022\/04\/Oberdorf-scaled-1-300x173.jpg 300w, https:\/\/gockenholz.de\/home\/wp-content\/uploads\/2022\/04\/Oberdorf-scaled-1-768x442.jpg 768w, https:\/\/gockenholz.de\/home\/wp-content\/uploads\/2022\/04\/Oberdorf-scaled-1-1536x884.jpg 1536w, https:\/\/gockenholz.de\/home\/wp-content\/uploads\/2022\/04\/Oberdorf-scaled-1-2048x1179.jpg 2048w, https:\/\/gockenholz.de\/home\/wp-content\/uploads\/2022\/04\/Oberdorf-scaled-1-1500x864.jpg 1500w, https:\/\/gockenholz.de\/home\/wp-content\/uploads\/2022\/04\/Oberdorf-scaled-1-705x406.jpg 705w\" data-sizes=\"(max-width: 1030px) 100vw, 1030px\" class='avia_image' ><div class=\"av-image-caption-overlay\"><div class=\"av-caption-image-overlay-bg\"><\/div><div class=\"av-image-caption-overlay-position\"><div class=\"av-image-caption-overlay-center\"><p>Oberdorf<\/p>\n<\/div><\/div><\/div><img decoding=\"async\" class='wp-image-162 avia-img-lazy-loading-not-162 avia_image ' src=\"https:\/\/gockenholz.de\/home\/wp-content\/uploads\/2022\/04\/Oberdorf-scaled-1-1030x593.jpg\" alt='' title='Oberdorf'  height=\"593\" width=\"1030\"  itemprop=\"thumbnailUrl\" srcset=\"https:\/\/gockenholz.de\/home\/wp-content\/uploads\/2022\/04\/Oberdorf-scaled-1-1030x593.jpg 1030w, https:\/\/gockenholz.de\/home\/wp-content\/uploads\/2022\/04\/Oberdorf-scaled-1-300x173.jpg 300w, https:\/\/gockenholz.de\/home\/wp-content\/uploads\/2022\/04\/Oberdorf-scaled-1-768x442.jpg 768w, https:\/\/gockenholz.de\/home\/wp-content\/uploads\/2022\/04\/Oberdorf-scaled-1-1536x884.jpg 1536w, https:\/\/gockenholz.de\/home\/wp-content\/uploads\/2022\/04\/Oberdorf-scaled-1-2048x1179.jpg 2048w, https:\/\/gockenholz.de\/home\/wp-content\/uploads\/2022\/04\/Oberdorf-scaled-1-1500x864.jpg 1500w, https:\/\/gockenholz.de\/home\/wp-content\/uploads\/2022\/04\/Oberdorf-scaled-1-705x406.jpg 705w\" sizes=\"(max-width: 1030px) 100vw, 1030px\" \/><\/a><\/div><\/div><\/div><\/div><div class='flex_column av-11rqv-bd148954afed50136ff26b8c6a1d5308 av_one_half  avia-builder-el-5  el_after_av_one_half  avia-builder-el-last  flex_column_div column-top-margin'     ><style type=\"text\/css\" data-created_by=\"avia_inline_auto\" id=\"style-css-av-le1k857l-e3aa83f45af6082886b83d55f8da9663\">\n.avia-image-container.av-le1k857l-e3aa83f45af6082886b83d55f8da9663 img.avia_image{\nbox-shadow:none;\n}\n.avia-image-container.av-le1k857l-e3aa83f45af6082886b83d55f8da9663 .av-caption-image-overlay-bg{\nopacity:0.4;\nbackground-color:#000000;\n}\n.avia-image-container.av-le1k857l-e3aa83f45af6082886b83d55f8da9663 .av-image-caption-overlay-center{\ncolor:#ffffff;\n}\n<\/style>\n<div  class='avia-image-container av-le1k857l-e3aa83f45af6082886b83d55f8da9663 av-styling- avia-align-center  avia-builder-el-6  avia-builder-el-no-sibling  noHover av-overlay-hover-deactivate'   itemprop=\"image\" itemscope=\"itemscope\" itemtype=\"https:\/\/schema.org\/ImageObject\" ><div class=\"avia-image-container-inner\"><div class=\"avia-image-overlay-wrap\"><a href=\"https:\/\/gockenholz.de\/home\/wp-content\/uploads\/2022\/04\/Unterdorf-scaled-e1660987280785-1030x577.jpg\" data-srcset=\"https:\/\/gockenholz.de\/home\/wp-content\/uploads\/2022\/04\/Unterdorf-scaled-e1660987280785-1030x577.jpg 1030w, https:\/\/gockenholz.de\/home\/wp-content\/uploads\/2022\/04\/Unterdorf-scaled-e1660987280785-300x168.jpg 300w, https:\/\/gockenholz.de\/home\/wp-content\/uploads\/2022\/04\/Unterdorf-scaled-e1660987280785-768x431.jpg 768w, https:\/\/gockenholz.de\/home\/wp-content\/uploads\/2022\/04\/Unterdorf-scaled-e1660987280785-1536x861.jpg 1536w, https:\/\/gockenholz.de\/home\/wp-content\/uploads\/2022\/04\/Unterdorf-scaled-e1660987280785-2048x1148.jpg 2048w, https:\/\/gockenholz.de\/home\/wp-content\/uploads\/2022\/04\/Unterdorf-scaled-e1660987280785-1500x841.jpg 1500w, https:\/\/gockenholz.de\/home\/wp-content\/uploads\/2022\/04\/Unterdorf-scaled-e1660987280785-705x395.jpg 705w\" data-sizes=\"(max-width: 1030px) 100vw, 1030px\" class='avia_image' ><div class=\"av-image-caption-overlay\"><div class=\"av-caption-image-overlay-bg\"><\/div><div class=\"av-image-caption-overlay-position\"><div class=\"av-image-caption-overlay-center\"><p>Unterdorf<\/p>\n<\/div><\/div><\/div><img decoding=\"async\" class='wp-image-161 avia-img-lazy-loading-not-161 avia_image ' src=\"https:\/\/gockenholz.de\/home\/wp-content\/uploads\/2022\/04\/Unterdorf-scaled-e1660987280785-1030x577.jpg\" alt='' title='Unterdorf'  height=\"577\" width=\"1030\"  itemprop=\"thumbnailUrl\" srcset=\"https:\/\/gockenholz.de\/home\/wp-content\/uploads\/2022\/04\/Unterdorf-scaled-e1660987280785-1030x577.jpg 1030w, https:\/\/gockenholz.de\/home\/wp-content\/uploads\/2022\/04\/Unterdorf-scaled-e1660987280785-300x168.jpg 300w, https:\/\/gockenholz.de\/home\/wp-content\/uploads\/2022\/04\/Unterdorf-scaled-e1660987280785-768x431.jpg 768w, https:\/\/gockenholz.de\/home\/wp-content\/uploads\/2022\/04\/Unterdorf-scaled-e1660987280785-1536x861.jpg 1536w, https:\/\/gockenholz.de\/home\/wp-content\/uploads\/2022\/04\/Unterdorf-scaled-e1660987280785-2048x1148.jpg 2048w, https:\/\/gockenholz.de\/home\/wp-content\/uploads\/2022\/04\/Unterdorf-scaled-e1660987280785-1500x841.jpg 1500w, https:\/\/gockenholz.de\/home\/wp-content\/uploads\/2022\/04\/Unterdorf-scaled-e1660987280785-705x395.jpg 705w\" sizes=\"(max-width: 1030px) 100vw, 1030px\" \/><\/a><\/div><\/div><\/div><\/div><\/p>\n","protected":false},"excerpt":{"rendered":"","protected":false},"author":2,"featured_media":0,"parent":0,"menu_order":0,"comment_status":"closed","ping_status":"closed","template":"","meta":{"footnotes":""},"class_list":["post-31","page","type-page","status-publish","hentry"],"yoast_head":"<!-- This site is optimized with the Yoast SEO plugin v27.6 - https:\/\/yoast.com\/product\/yoast-seo-wordpress\/ -->\n<title>Heute - gockenholz.de<\/title>\n<meta name=\"description\" content=\"Gockenholz ist ein Dorf in der Gemeinde Lachendorf, Landkreis Celle in Niedersachsen. Es liegt etwa 10 km \u00f6stlich der Stadt Celle und hat 449 Einwohnern.H\u00f6chste Erhebung ist mit 63 m \u00fc. NN der Wehenberg n\u00f6rdlich des Ortskerns. Die \u00e4lteste urkundliche Erw\u00e4hnung von Gockenholz stammt aus dem Jahre 1235Der Name des Dorfes stammt aus dem Germanischen und bedeutet so viel wie \u201eKuckuckswald\u201c.\" \/>\n<meta name=\"robots\" content=\"index, follow, max-snippet:-1, max-image-preview:large, max-video-preview:-1\" \/>\n<link rel=\"canonical\" href=\"https:\/\/gockenholz.de\/home\/gockenholz\/\" \/>\n<meta property=\"og:locale\" content=\"de_DE\" \/>\n<meta property=\"og:type\" content=\"article\" \/>\n<meta property=\"og:title\" content=\"Heute - gockenholz.de\" \/>\n<meta property=\"og:description\" content=\"Gockenholz ist ein Dorf in der Gemeinde Lachendorf, Landkreis Celle in Niedersachsen. Es liegt etwa 10 km \u00f6stlich der Stadt Celle und hat 449 Einwohnern.H\u00f6chste Erhebung ist mit 63 m \u00fc. NN der Wehenberg n\u00f6rdlich des Ortskerns. Die \u00e4lteste urkundliche Erw\u00e4hnung von Gockenholz stammt aus dem Jahre 1235Der Name des Dorfes stammt aus dem Germanischen und bedeutet so viel wie \u201eKuckuckswald\u201c.\" \/>\n<meta property=\"og:url\" content=\"https:\/\/gockenholz.de\/home\/gockenholz\/\" \/>\n<meta property=\"og:site_name\" content=\"gockenholz.de\" \/>\n<meta property=\"article:publisher\" content=\"https:\/\/www.facebook.com\/Gockenholz\/\" \/>\n<meta property=\"article:modified_time\" content=\"2023-03-10T09:13:25+00:00\" \/>\n<meta name=\"twitter:card\" content=\"summary_large_image\" \/>\n<meta name=\"twitter:label1\" content=\"Gesch\u00e4tzte Lesezeit\" \/>\n\t<meta name=\"twitter:data1\" content=\"4\u00a0Minuten\" \/>\n<script type=\"application\/ld+json\" class=\"yoast-schema-graph\">{\"@context\":\"https:\\\/\\\/schema.org\",\"@graph\":[{\"@type\":\"Article\",\"@id\":\"https:\\\/\\\/gockenholz.de\\\/home\\\/gockenholz\\\/#article\",\"isPartOf\":{\"@id\":\"https:\\\/\\\/gockenholz.de\\\/home\\\/gockenholz\\\/\"},\"author\":{\"name\":\"Onlineredaktion\",\"@id\":\"https:\\\/\\\/gockenholz.de\\\/home\\\/#\\\/schema\\\/person\\\/6e5f1989e4767d6255f36b9d1d85f88b\"},\"headline\":\"Heute\",\"datePublished\":\"2023-01-09T19:56:09+00:00\",\"dateModified\":\"2023-03-10T09:13:25+00:00\",\"mainEntityOfPage\":{\"@id\":\"https:\\\/\\\/gockenholz.de\\\/home\\\/gockenholz\\\/\"},\"wordCount\":1625,\"publisher\":{\"@id\":\"https:\\\/\\\/gockenholz.de\\\/home\\\/#organization\"},\"inLanguage\":\"de\"},{\"@type\":[\"WebPage\",\"AboutPage\"],\"@id\":\"https:\\\/\\\/gockenholz.de\\\/home\\\/gockenholz\\\/\",\"url\":\"https:\\\/\\\/gockenholz.de\\\/home\\\/gockenholz\\\/\",\"name\":\"Heute - gockenholz.de\",\"isPartOf\":{\"@id\":\"https:\\\/\\\/gockenholz.de\\\/home\\\/#website\"},\"datePublished\":\"2023-01-09T19:56:09+00:00\",\"dateModified\":\"2023-03-10T09:13:25+00:00\",\"description\":\"Gockenholz ist ein Dorf in der Gemeinde Lachendorf, Landkreis Celle in Niedersachsen. Es liegt etwa 10 km \u00f6stlich der Stadt Celle und hat 449 Einwohnern.H\u00f6chste Erhebung ist mit 63 m \u00fc. NN der Wehenberg n\u00f6rdlich des Ortskerns. Die \u00e4lteste urkundliche Erw\u00e4hnung von Gockenholz stammt aus dem Jahre 1235Der Name des Dorfes stammt aus dem Germanischen und bedeutet so viel wie \u201eKuckuckswald\u201c.\",\"breadcrumb\":{\"@id\":\"https:\\\/\\\/gockenholz.de\\\/home\\\/gockenholz\\\/#breadcrumb\"},\"inLanguage\":\"de\",\"potentialAction\":[{\"@type\":\"ReadAction\",\"target\":[\"https:\\\/\\\/gockenholz.de\\\/home\\\/gockenholz\\\/\"]}]},{\"@type\":\"BreadcrumbList\",\"@id\":\"https:\\\/\\\/gockenholz.de\\\/home\\\/gockenholz\\\/#breadcrumb\",\"itemListElement\":[{\"@type\":\"ListItem\",\"position\":1,\"name\":\"Startseite\",\"item\":\"https:\\\/\\\/gockenholz.de\\\/home\\\/willkommen-in-gockenholz\\\/\"},{\"@type\":\"ListItem\",\"position\":2,\"name\":\"Heute\"}]},{\"@type\":\"WebSite\",\"@id\":\"https:\\\/\\\/gockenholz.de\\\/home\\\/#website\",\"url\":\"https:\\\/\\\/gockenholz.de\\\/home\\\/\",\"name\":\"gockenholz.de\",\"description\":\"Hier l\u00e4sst es sich leben!\",\"publisher\":{\"@id\":\"https:\\\/\\\/gockenholz.de\\\/home\\\/#organization\"},\"potentialAction\":[{\"@type\":\"SearchAction\",\"target\":{\"@type\":\"EntryPoint\",\"urlTemplate\":\"https:\\\/\\\/gockenholz.de\\\/home\\\/?s={search_term_string}\"},\"query-input\":{\"@type\":\"PropertyValueSpecification\",\"valueRequired\":true,\"valueName\":\"search_term_string\"}}],\"inLanguage\":\"de\"},{\"@type\":\"Organization\",\"@id\":\"https:\\\/\\\/gockenholz.de\\\/home\\\/#organization\",\"name\":\"B\u00fcrgerverein Gockenholz e. V.\",\"url\":\"https:\\\/\\\/gockenholz.de\\\/home\\\/\",\"logo\":{\"@type\":\"ImageObject\",\"inLanguage\":\"de\",\"@id\":\"https:\\\/\\\/gockenholz.de\\\/home\\\/#\\\/schema\\\/logo\\\/image\\\/\",\"url\":\"https:\\\/\\\/gockenholz.de\\\/home\\\/wp-content\\\/uploads\\\/2023\\\/02\\\/gockenholz_fav.png\",\"contentUrl\":\"https:\\\/\\\/gockenholz.de\\\/home\\\/wp-content\\\/uploads\\\/2023\\\/02\\\/gockenholz_fav.png\",\"width\":549,\"height\":550,\"caption\":\"B\u00fcrgerverein Gockenholz e. V.\"},\"image\":{\"@id\":\"https:\\\/\\\/gockenholz.de\\\/home\\\/#\\\/schema\\\/logo\\\/image\\\/\"},\"sameAs\":[\"https:\\\/\\\/www.facebook.com\\\/Gockenholz\\\/\"]},{\"@type\":\"Person\",\"@id\":\"https:\\\/\\\/gockenholz.de\\\/home\\\/#\\\/schema\\\/person\\\/6e5f1989e4767d6255f36b9d1d85f88b\",\"name\":\"Onlineredaktion\",\"image\":{\"@type\":\"ImageObject\",\"inLanguage\":\"de\",\"@id\":\"https:\\\/\\\/secure.gravatar.com\\\/avatar\\\/962f0780536305bd5ee05c1a2f000707f148ce1e696c75deb62a7ac7affc96d8?s=96&d=mm&r=g\",\"url\":\"https:\\\/\\\/secure.gravatar.com\\\/avatar\\\/962f0780536305bd5ee05c1a2f000707f148ce1e696c75deb62a7ac7affc96d8?s=96&d=mm&r=g\",\"contentUrl\":\"https:\\\/\\\/secure.gravatar.com\\\/avatar\\\/962f0780536305bd5ee05c1a2f000707f148ce1e696c75deb62a7ac7affc96d8?s=96&d=mm&r=g\",\"caption\":\"Onlineredaktion\"},\"url\":\"https:\\\/\\\/gockenholz.de\\\/home\\\/author\\\/dominik\\\/\"}]}<\/script>\n<!-- \/ Yoast SEO plugin. -->","yoast_head_json":{"title":"Heute - gockenholz.de","description":"Gockenholz ist ein Dorf in der Gemeinde Lachendorf, Landkreis Celle in Niedersachsen. Es liegt etwa 10 km \u00f6stlich der Stadt Celle und hat 449 Einwohnern.H\u00f6chste Erhebung ist mit 63 m \u00fc. NN der Wehenberg n\u00f6rdlich des Ortskerns. Die \u00e4lteste urkundliche Erw\u00e4hnung von Gockenholz stammt aus dem Jahre 1235Der Name des Dorfes stammt aus dem Germanischen und bedeutet so viel wie \u201eKuckuckswald\u201c.","robots":{"index":"index","follow":"follow","max-snippet":"max-snippet:-1","max-image-preview":"max-image-preview:large","max-video-preview":"max-video-preview:-1"},"canonical":"https:\/\/gockenholz.de\/home\/gockenholz\/","og_locale":"de_DE","og_type":"article","og_title":"Heute - gockenholz.de","og_description":"Gockenholz ist ein Dorf in der Gemeinde Lachendorf, Landkreis Celle in Niedersachsen. Es liegt etwa 10 km \u00f6stlich der Stadt Celle und hat 449 Einwohnern.H\u00f6chste Erhebung ist mit 63 m \u00fc. NN der Wehenberg n\u00f6rdlich des Ortskerns. Die \u00e4lteste urkundliche Erw\u00e4hnung von Gockenholz stammt aus dem Jahre 1235Der Name des Dorfes stammt aus dem Germanischen und bedeutet so viel wie \u201eKuckuckswald\u201c.","og_url":"https:\/\/gockenholz.de\/home\/gockenholz\/","og_site_name":"gockenholz.de","article_publisher":"https:\/\/www.facebook.com\/Gockenholz\/","article_modified_time":"2023-03-10T09:13:25+00:00","twitter_card":"summary_large_image","twitter_misc":{"Gesch\u00e4tzte Lesezeit":"4\u00a0Minuten"},"schema":{"@context":"https:\/\/schema.org","@graph":[{"@type":"Article","@id":"https:\/\/gockenholz.de\/home\/gockenholz\/#article","isPartOf":{"@id":"https:\/\/gockenholz.de\/home\/gockenholz\/"},"author":{"name":"Onlineredaktion","@id":"https:\/\/gockenholz.de\/home\/#\/schema\/person\/6e5f1989e4767d6255f36b9d1d85f88b"},"headline":"Heute","datePublished":"2023-01-09T19:56:09+00:00","dateModified":"2023-03-10T09:13:25+00:00","mainEntityOfPage":{"@id":"https:\/\/gockenholz.de\/home\/gockenholz\/"},"wordCount":1625,"publisher":{"@id":"https:\/\/gockenholz.de\/home\/#organization"},"inLanguage":"de"},{"@type":["WebPage","AboutPage"],"@id":"https:\/\/gockenholz.de\/home\/gockenholz\/","url":"https:\/\/gockenholz.de\/home\/gockenholz\/","name":"Heute - gockenholz.de","isPartOf":{"@id":"https:\/\/gockenholz.de\/home\/#website"},"datePublished":"2023-01-09T19:56:09+00:00","dateModified":"2023-03-10T09:13:25+00:00","description":"Gockenholz ist ein Dorf in der Gemeinde Lachendorf, Landkreis Celle in Niedersachsen. Es liegt etwa 10 km \u00f6stlich der Stadt Celle und hat 449 Einwohnern.H\u00f6chste Erhebung ist mit 63 m \u00fc. NN der Wehenberg n\u00f6rdlich des Ortskerns. Die \u00e4lteste urkundliche Erw\u00e4hnung von Gockenholz stammt aus dem Jahre 1235Der Name des Dorfes stammt aus dem Germanischen und bedeutet so viel wie \u201eKuckuckswald\u201c.","breadcrumb":{"@id":"https:\/\/gockenholz.de\/home\/gockenholz\/#breadcrumb"},"inLanguage":"de","potentialAction":[{"@type":"ReadAction","target":["https:\/\/gockenholz.de\/home\/gockenholz\/"]}]},{"@type":"BreadcrumbList","@id":"https:\/\/gockenholz.de\/home\/gockenholz\/#breadcrumb","itemListElement":[{"@type":"ListItem","position":1,"name":"Startseite","item":"https:\/\/gockenholz.de\/home\/willkommen-in-gockenholz\/"},{"@type":"ListItem","position":2,"name":"Heute"}]},{"@type":"WebSite","@id":"https:\/\/gockenholz.de\/home\/#website","url":"https:\/\/gockenholz.de\/home\/","name":"gockenholz.de","description":"Hier l\u00e4sst es sich leben!","publisher":{"@id":"https:\/\/gockenholz.de\/home\/#organization"},"potentialAction":[{"@type":"SearchAction","target":{"@type":"EntryPoint","urlTemplate":"https:\/\/gockenholz.de\/home\/?s={search_term_string}"},"query-input":{"@type":"PropertyValueSpecification","valueRequired":true,"valueName":"search_term_string"}}],"inLanguage":"de"},{"@type":"Organization","@id":"https:\/\/gockenholz.de\/home\/#organization","name":"B\u00fcrgerverein Gockenholz e. V.","url":"https:\/\/gockenholz.de\/home\/","logo":{"@type":"ImageObject","inLanguage":"de","@id":"https:\/\/gockenholz.de\/home\/#\/schema\/logo\/image\/","url":"https:\/\/gockenholz.de\/home\/wp-content\/uploads\/2023\/02\/gockenholz_fav.png","contentUrl":"https:\/\/gockenholz.de\/home\/wp-content\/uploads\/2023\/02\/gockenholz_fav.png","width":549,"height":550,"caption":"B\u00fcrgerverein Gockenholz e. V."},"image":{"@id":"https:\/\/gockenholz.de\/home\/#\/schema\/logo\/image\/"},"sameAs":["https:\/\/www.facebook.com\/Gockenholz\/"]},{"@type":"Person","@id":"https:\/\/gockenholz.de\/home\/#\/schema\/person\/6e5f1989e4767d6255f36b9d1d85f88b","name":"Onlineredaktion","image":{"@type":"ImageObject","inLanguage":"de","@id":"https:\/\/secure.gravatar.com\/avatar\/962f0780536305bd5ee05c1a2f000707f148ce1e696c75deb62a7ac7affc96d8?s=96&d=mm&r=g","url":"https:\/\/secure.gravatar.com\/avatar\/962f0780536305bd5ee05c1a2f000707f148ce1e696c75deb62a7ac7affc96d8?s=96&d=mm&r=g","contentUrl":"https:\/\/secure.gravatar.com\/avatar\/962f0780536305bd5ee05c1a2f000707f148ce1e696c75deb62a7ac7affc96d8?s=96&d=mm&r=g","caption":"Onlineredaktion"},"url":"https:\/\/gockenholz.de\/home\/author\/dominik\/"}]}},"jetpack_sharing_enabled":true,"_links":{"self":[{"href":"https:\/\/gockenholz.de\/home\/wp-json\/wp\/v2\/pages\/31","targetHints":{"allow":["GET"]}}],"collection":[{"href":"https:\/\/gockenholz.de\/home\/wp-json\/wp\/v2\/pages"}],"about":[{"href":"https:\/\/gockenholz.de\/home\/wp-json\/wp\/v2\/types\/page"}],"author":[{"embeddable":true,"href":"https:\/\/gockenholz.de\/home\/wp-json\/wp\/v2\/users\/2"}],"replies":[{"embeddable":true,"href":"https:\/\/gockenholz.de\/home\/wp-json\/wp\/v2\/comments?post=31"}],"version-history":[{"count":9,"href":"https:\/\/gockenholz.de\/home\/wp-json\/wp\/v2\/pages\/31\/revisions"}],"predecessor-version":[{"id":1265,"href":"https:\/\/gockenholz.de\/home\/wp-json\/wp\/v2\/pages\/31\/revisions\/1265"}],"wp:attachment":[{"href":"https:\/\/gockenholz.de\/home\/wp-json\/wp\/v2\/media?parent=31"}],"curies":[{"name":"wp","href":"https:\/\/api.w.org\/{rel}","templated":true}]}}